{"id":1329,"date":"2023-07-08T22:01:03","date_gmt":"2023-07-09T01:01:03","guid":{"rendered":"https:\/\/kilhas.com.br\/shop\/?post_type=product&#038;p=1329"},"modified":"2025-11-24T17:55:59","modified_gmt":"2025-11-24T20:55:59","slug":"top-nusa-verde-biodegradavel","status":"publish","type":"product","link":"https:\/\/kilhas.com.br\/shop\/produto\/top-nusa-verde-biodegradavel\/","title":{"rendered":"top nusa verde ~ biodegrad\u00e1vel"},"content":{"rendered":"","protected":false},"excerpt":{"rendered":"<p>Top reto. Feito com lycra biodegrad\u00e1vel, tecido que possui excepcional conforto durante o uso.<\/p>\n<p><strong><u>Tecido Ecol\u00f3gico<\/u><\/strong><\/p>\n<p>Feito em <strong>lycra biodegrad\u00e1vel<\/strong>, aonde a sua inovadora tecnologia permite que o tecido se decomponha em cerca de 3 anos ap\u00f3s ser corretamente descartado em aterros sanit\u00e1rios. Ao passo que, pe\u00e7as que utilizam lycra comum (poliamida) demoram entre 70 a 100 anos para se decompor.<\/p>\n<p><strong>Isento de produtos t\u00f3xicos.<\/strong> Certificac\u00e7\u00e3o internacional <strong>OEKO-TEX\u00ae<\/strong><\/p>\n<p>Na produ\u00e7\u00e3o deste tecido foi utilizada <strong>\u00e1gua de reuso.<\/strong><\/p>\n<p>Possui <strong>prote\u00e7\u00e3o UV 50+<\/strong> contra radia\u00e7\u00e3o ultravioleta.<\/p>\n<p><strong><u>Composi\u00e7\u00e3o<\/u><\/strong><\/p>\n<ul>\n<li>87% poliamida<\/li>\n<li>13% elastano<\/li>\n<\/ul>\n<p><strong><u>Cuidados<\/u><\/strong><\/p>\n<ul>\n<li>Lavar \u00e0 m\u00e3o.<\/li>\n<li>N\u00e3o passar.<\/li>\n<li>N\u00e3o usar secadora.<\/li>\n<li>N\u00e3o passar alvejante \u00e0 base de cloro.<\/li>\n<li>N\u00e3o lavar \u00e0 seco.<\/li>\n<\/ul>\n<p><strong><u>Medidas<\/u><\/strong><\/p>\n<p>A modelo veste P, mede 1,56cm e pesa 54kg.<br \/>\n&#8211;<br \/>\nProduzido no Rio de Janeiro, Brasil. #SupportYourLocal<br \/>\nFotografado na Indon\u00e9sia.<\/p>\n","protected":false},"featured_media":1519,"template":"","meta":{"_exactmetrics_skip_tracking":false,"_exactmetrics_sitenote_active":false,"_exactmetrics_sitenote_note":"","_exactmetrics_sitenote_category":0},"product_brand":[],"product_cat":[20,63],"product_tag":[47,43,56,44,51,52,45,48,46,54,50,49],"class_list":{"0":"post-1329","1":"product","2":"type-product","3":"status-publish","4":"has-post-thumbnail","6":"product_cat-biquinis","7":"product_cat-tudo","8":"product_tag-biodegradavel","9":"product_tag-biquini","10":"product_tag-ecologico","11":"product_tag-lycra","12":"product_tag-mar","13":"product_tag-piscina","14":"product_tag-praia","15":"product_tag-sol","16":"product_tag-surf","17":"product_tag-sustentavel","18":"product_tag-top","19":"product_tag-viagem","20":"pif-has-gallery","22":"first","23":"instock","24":"sale","25":"shipping-taxable","26":"purchasable","27":"product-type-variable"},"yoast_head":"<!-- This site is optimized with the Yoast SEO plugin v27.4 - https:\/\/yoast.com\/product\/yoast-seo-wordpress\/ -->\n<title>top nusa verde ~ biodegrad\u00e1vel - Kilhas<\/title>\n<meta name=\"description\" content=\"Top reto. Feito com lycra biodegrad\u00e1vel, tecido que possui excepcional conforto durante o uso. Tecido ecol\u00f3gico. Prote\u00e7\u00e3o UV 50+.\" \/>\n<meta name=\"robots\" content=\"index, follow, max-snippet:-1, max-image-preview:large, max-video-preview:-1\" \/>\n<link rel=\"canonical\" href=\"https:\/\/kilhas.com.br\/shop\/produto\/top-nusa-verde-biodegradavel\/\" \/>\n<meta property=\"og:locale\" content=\"pt_BR\" \/>\n<meta property=\"og:type\" content=\"article\" \/>\n<meta property=\"og:title\" content=\"top nusa verde ~ biodegrad\u00e1vel - Kilhas\" \/>\n<meta property=\"og:description\" content=\"Top reto. Feito com lycra biodegrad\u00e1vel, tecido que possui excepcional conforto durante o uso. Tecido ecol\u00f3gico. Prote\u00e7\u00e3o UV 50+.\" \/>\n<meta property=\"og:url\" content=\"https:\/\/kilhas.com.br\/shop\/produto\/top-nusa-verde-biodegradavel\/\" \/>\n<meta property=\"og:site_name\" content=\"Kilhas\" \/>\n<meta property=\"article:publisher\" content=\"https:\/\/www.facebook.com\/kilhassurf\/\" \/>\n<meta property=\"article:modified_time\" content=\"2025-11-24T20:55:59+00:00\" \/>\n<meta property=\"og:image\" content=\"https:\/\/kilhas.com.br\/shop\/wp-content\/uploads\/2023\/07\/CALCINHA-1I7A1991-scaled.jpg\" \/>\n\t<meta property=\"og:image:width\" content=\"1707\" \/>\n\t<meta property=\"og:image:height\" content=\"2560\" \/>\n\t<meta property=\"og:image:type\" content=\"image\/jpeg\" \/>\n<meta name=\"twitter:card\" content=\"summary_large_image\" \/>\n<meta name=\"twitter:label1\" content=\"Est. tempo de leitura\" \/>\n\t<meta name=\"twitter:data1\" content=\"1 minuto\" \/>\n<script type=\"application\/ld+json\" class=\"yoast-schema-graph\">{\"@context\":\"https:\\\/\\\/schema.org\",\"@graph\":[{\"@type\":\"WebPage\",\"@id\":\"https:\\\/\\\/kilhas.com.br\\\/shop\\\/produto\\\/top-nusa-verde-biodegradavel\\\/\",\"url\":\"https:\\\/\\\/kilhas.com.br\\\/shop\\\/produto\\\/top-nusa-verde-biodegradavel\\\/\",\"name\":\"top nusa verde ~ biodegrad\u00e1vel - Kilhas\",\"isPartOf\":{\"@id\":\"https:\\\/\\\/kilhas.com.br\\\/shop\\\/#website\"},\"primaryImageOfPage\":{\"@id\":\"https:\\\/\\\/kilhas.com.br\\\/shop\\\/produto\\\/top-nusa-verde-biodegradavel\\\/#primaryimage\"},\"image\":{\"@id\":\"https:\\\/\\\/kilhas.com.br\\\/shop\\\/produto\\\/top-nusa-verde-biodegradavel\\\/#primaryimage\"},\"thumbnailUrl\":\"https:\\\/\\\/kilhas.com.br\\\/shop\\\/wp-content\\\/uploads\\\/2023\\\/07\\\/CALCINHA-1I7A1991-scaled.jpg\",\"datePublished\":\"2023-07-09T01:01:03+00:00\",\"dateModified\":\"2025-11-24T20:55:59+00:00\",\"description\":\"Top reto. Feito com lycra biodegrad\u00e1vel, tecido que possui excepcional conforto durante o uso. Tecido ecol\u00f3gico. Prote\u00e7\u00e3o UV 50+.\",\"breadcrumb\":{\"@id\":\"https:\\\/\\\/kilhas.com.br\\\/shop\\\/produto\\\/top-nusa-verde-biodegradavel\\\/#breadcrumb\"},\"inLanguage\":\"pt-BR\",\"potentialAction\":[{\"@type\":\"ReadAction\",\"target\":[\"https:\\\/\\\/kilhas.com.br\\\/shop\\\/produto\\\/top-nusa-verde-biodegradavel\\\/\"]}]},{\"@type\":\"ImageObject\",\"inLanguage\":\"pt-BR\",\"@id\":\"https:\\\/\\\/kilhas.com.br\\\/shop\\\/produto\\\/top-nusa-verde-biodegradavel\\\/#primaryimage\",\"url\":\"https:\\\/\\\/kilhas.com.br\\\/shop\\\/wp-content\\\/uploads\\\/2023\\\/07\\\/CALCINHA-1I7A1991-scaled.jpg\",\"contentUrl\":\"https:\\\/\\\/kilhas.com.br\\\/shop\\\/wp-content\\\/uploads\\\/2023\\\/07\\\/CALCINHA-1I7A1991-scaled.jpg\",\"width\":1707,\"height\":2560},{\"@type\":\"BreadcrumbList\",\"@id\":\"https:\\\/\\\/kilhas.com.br\\\/shop\\\/produto\\\/top-nusa-verde-biodegradavel\\\/#breadcrumb\",\"itemListElement\":[{\"@type\":\"ListItem\",\"position\":1,\"name\":\"In\u00edcio\",\"item\":\"https:\\\/\\\/kilhas.com.br\\\/shop\\\/\"},{\"@type\":\"ListItem\",\"position\":2,\"name\":\"Loja\",\"item\":\"https:\\\/\\\/kilhas.com.br\\\/shop\\\/\"},{\"@type\":\"ListItem\",\"position\":3,\"name\":\"top nusa verde ~ biodegrad\u00e1vel\"}]},{\"@type\":\"WebSite\",\"@id\":\"https:\\\/\\\/kilhas.com.br\\\/shop\\\/#website\",\"url\":\"https:\\\/\\\/kilhas.com.br\\\/shop\\\/\",\"name\":\"Kilhas\",\"description\":\"\",\"publisher\":{\"@id\":\"https:\\\/\\\/kilhas.com.br\\\/shop\\\/#organization\"},\"potentialAction\":[{\"@type\":\"SearchAction\",\"target\":{\"@type\":\"EntryPoint\",\"urlTemplate\":\"https:\\\/\\\/kilhas.com.br\\\/shop\\\/?s={search_term_string}\"},\"query-input\":{\"@type\":\"PropertyValueSpecification\",\"valueRequired\":true,\"valueName\":\"search_term_string\"}}],\"inLanguage\":\"pt-BR\"},{\"@type\":\"Organization\",\"@id\":\"https:\\\/\\\/kilhas.com.br\\\/shop\\\/#organization\",\"name\":\"Kilhas\",\"url\":\"https:\\\/\\\/kilhas.com.br\\\/shop\\\/\",\"logo\":{\"@type\":\"ImageObject\",\"inLanguage\":\"pt-BR\",\"@id\":\"https:\\\/\\\/kilhas.com.br\\\/shop\\\/#\\\/schema\\\/logo\\\/image\\\/\",\"url\":\"https:\\\/\\\/kilhas.com.br\\\/shop\\\/wp-content\\\/uploads\\\/2020\\\/10\\\/ADESIVOKILHAS-redondo-alta.png\",\"contentUrl\":\"https:\\\/\\\/kilhas.com.br\\\/shop\\\/wp-content\\\/uploads\\\/2020\\\/10\\\/ADESIVOKILHAS-redondo-alta.png\",\"width\":1416,\"height\":1416,\"caption\":\"Kilhas\"},\"image\":{\"@id\":\"https:\\\/\\\/kilhas.com.br\\\/shop\\\/#\\\/schema\\\/logo\\\/image\\\/\"},\"sameAs\":[\"https:\\\/\\\/www.facebook.com\\\/kilhassurf\\\/\",\"https:\\\/\\\/www.instagram.com\\\/kilhassurf\\\/\",\"https:\\\/\\\/www.youtube.com\\\/channel\\\/UC3YaLQ1yULA7lIZ1TOHOIsg\"]}]}<\/script>\n<!-- \/ Yoast SEO plugin. -->","yoast_head_json":{"title":"top nusa verde ~ biodegrad\u00e1vel - Kilhas","description":"Top reto. Feito com lycra biodegrad\u00e1vel, tecido que possui excepcional conforto durante o uso. Tecido ecol\u00f3gico. Prote\u00e7\u00e3o UV 50+.","robots":{"index":"index","follow":"follow","max-snippet":"max-snippet:-1","max-image-preview":"max-image-preview:large","max-video-preview":"max-video-preview:-1"},"canonical":"https:\/\/kilhas.com.br\/shop\/produto\/top-nusa-verde-biodegradavel\/","og_locale":"pt_BR","og_type":"article","og_title":"top nusa verde ~ biodegrad\u00e1vel - Kilhas","og_description":"Top reto. Feito com lycra biodegrad\u00e1vel, tecido que possui excepcional conforto durante o uso. Tecido ecol\u00f3gico. Prote\u00e7\u00e3o UV 50+.","og_url":"https:\/\/kilhas.com.br\/shop\/produto\/top-nusa-verde-biodegradavel\/","og_site_name":"Kilhas","article_publisher":"https:\/\/www.facebook.com\/kilhassurf\/","article_modified_time":"2025-11-24T20:55:59+00:00","og_image":[{"width":1707,"height":2560,"url":"https:\/\/kilhas.com.br\/shop\/wp-content\/uploads\/2023\/07\/CALCINHA-1I7A1991-scaled.jpg","type":"image\/jpeg"}],"twitter_card":"summary_large_image","twitter_misc":{"Est. tempo de leitura":"1 minuto"},"schema":{"@context":"https:\/\/schema.org","@graph":[{"@type":"WebPage","@id":"https:\/\/kilhas.com.br\/shop\/produto\/top-nusa-verde-biodegradavel\/","url":"https:\/\/kilhas.com.br\/shop\/produto\/top-nusa-verde-biodegradavel\/","name":"top nusa verde ~ biodegrad\u00e1vel - Kilhas","isPartOf":{"@id":"https:\/\/kilhas.com.br\/shop\/#website"},"primaryImageOfPage":{"@id":"https:\/\/kilhas.com.br\/shop\/produto\/top-nusa-verde-biodegradavel\/#primaryimage"},"image":{"@id":"https:\/\/kilhas.com.br\/shop\/produto\/top-nusa-verde-biodegradavel\/#primaryimage"},"thumbnailUrl":"https:\/\/kilhas.com.br\/shop\/wp-content\/uploads\/2023\/07\/CALCINHA-1I7A1991-scaled.jpg","datePublished":"2023-07-09T01:01:03+00:00","dateModified":"2025-11-24T20:55:59+00:00","description":"Top reto. Feito com lycra biodegrad\u00e1vel, tecido que possui excepcional conforto durante o uso. Tecido ecol\u00f3gico. Prote\u00e7\u00e3o UV 50+.","breadcrumb":{"@id":"https:\/\/kilhas.com.br\/shop\/produto\/top-nusa-verde-biodegradavel\/#breadcrumb"},"inLanguage":"pt-BR","potentialAction":[{"@type":"ReadAction","target":["https:\/\/kilhas.com.br\/shop\/produto\/top-nusa-verde-biodegradavel\/"]}]},{"@type":"ImageObject","inLanguage":"pt-BR","@id":"https:\/\/kilhas.com.br\/shop\/produto\/top-nusa-verde-biodegradavel\/#primaryimage","url":"https:\/\/kilhas.com.br\/shop\/wp-content\/uploads\/2023\/07\/CALCINHA-1I7A1991-scaled.jpg","contentUrl":"https:\/\/kilhas.com.br\/shop\/wp-content\/uploads\/2023\/07\/CALCINHA-1I7A1991-scaled.jpg","width":1707,"height":2560},{"@type":"BreadcrumbList","@id":"https:\/\/kilhas.com.br\/shop\/produto\/top-nusa-verde-biodegradavel\/#breadcrumb","itemListElement":[{"@type":"ListItem","position":1,"name":"In\u00edcio","item":"https:\/\/kilhas.com.br\/shop\/"},{"@type":"ListItem","position":2,"name":"Loja","item":"https:\/\/kilhas.com.br\/shop\/"},{"@type":"ListItem","position":3,"name":"top nusa verde ~ biodegrad\u00e1vel"}]},{"@type":"WebSite","@id":"https:\/\/kilhas.com.br\/shop\/#website","url":"https:\/\/kilhas.com.br\/shop\/","name":"Kilhas","description":"","publisher":{"@id":"https:\/\/kilhas.com.br\/shop\/#organization"},"potentialAction":[{"@type":"SearchAction","target":{"@type":"EntryPoint","urlTemplate":"https:\/\/kilhas.com.br\/shop\/?s={search_term_string}"},"query-input":{"@type":"PropertyValueSpecification","valueRequired":true,"valueName":"search_term_string"}}],"inLanguage":"pt-BR"},{"@type":"Organization","@id":"https:\/\/kilhas.com.br\/shop\/#organization","name":"Kilhas","url":"https:\/\/kilhas.com.br\/shop\/","logo":{"@type":"ImageObject","inLanguage":"pt-BR","@id":"https:\/\/kilhas.com.br\/shop\/#\/schema\/logo\/image\/","url":"https:\/\/kilhas.com.br\/shop\/wp-content\/uploads\/2020\/10\/ADESIVOKILHAS-redondo-alta.png","contentUrl":"https:\/\/kilhas.com.br\/shop\/wp-content\/uploads\/2020\/10\/ADESIVOKILHAS-redondo-alta.png","width":1416,"height":1416,"caption":"Kilhas"},"image":{"@id":"https:\/\/kilhas.com.br\/shop\/#\/schema\/logo\/image\/"},"sameAs":["https:\/\/www.facebook.com\/kilhassurf\/","https:\/\/www.instagram.com\/kilhassurf\/","https:\/\/www.youtube.com\/channel\/UC3YaLQ1yULA7lIZ1TOHOIsg"]}]}},"jetpack_sharing_enabled":true,"_links":{"self":[{"href":"https:\/\/kilhas.com.br\/shop\/wp-json\/wp\/v2\/product\/1329","targetHints":{"allow":["GET"]}}],"collection":[{"href":"https:\/\/kilhas.com.br\/shop\/wp-json\/wp\/v2\/product"}],"about":[{"href":"https:\/\/kilhas.com.br\/shop\/wp-json\/wp\/v2\/types\/product"}],"wp:featuredmedia":[{"embeddable":true,"href":"https:\/\/kilhas.com.br\/shop\/wp-json\/wp\/v2\/media\/1519"}],"wp:attachment":[{"href":"https:\/\/kilhas.com.br\/shop\/wp-json\/wp\/v2\/media?parent=1329"}],"wp:term":[{"taxonomy":"product_brand","embeddable":true,"href":"https:\/\/kilhas.com.br\/shop\/wp-json\/wp\/v2\/product_brand?post=1329"},{"taxonomy":"product_cat","embeddable":true,"href":"https:\/\/kilhas.com.br\/shop\/wp-json\/wp\/v2\/product_cat?post=1329"},{"taxonomy":"product_tag","embeddable":true,"href":"https:\/\/kilhas.com.br\/shop\/wp-json\/wp\/v2\/product_tag?post=1329"}],"curies":[{"name":"wp","href":"https:\/\/api.w.org\/{rel}","templated":true}]}}